{"id":253967,"date":"2023-02-08T16:33:47","date_gmt":"2023-02-08T16:33:47","guid":{"rendered":"https:\/\/www.transportescita.com\/sitio\/?page_id=253967"},"modified":"2023-08-17T15:45:10","modified_gmt":"2023-08-17T15:45:10","slug":"servicio-ejecutivo-2","status":"publish","type":"page","link":"https:\/\/www.transportescita.com\/sitio\/servicio-ejecutivo-2\/","title":{"rendered":"Servicio Ejecutivo"},"content":{"rendered":"<p>[et_pb_section fb_built=\u00bb1&#8243; admin_label=\u00bbHeader\u00bb _builder_version=\u00bb4.16&#8243; global_colors_info=\u00bb{}\u00bb][et_pb_row admin_label=\u00bbOficinas Sierra\u00bb _builder_version=\u00bb4.18.0&#8243; custom_padding=\u00bb||1px||false|false\u00bb locked=\u00bboff\u00bb global_colors_info=\u00bb{}\u00bb][et_pb_column type=\u00bb4_4&#8243; _builder_version=\u00bb4.16&#8243; global_colors_info=\u00bb{}\u00bb][et_pb_text _builder_version=\u00bb4.19.4&#8243; text_font=\u00bbLora||||||||\u00bb text_text_color=\u00bb#676879&#8243; text_line_height=\u00bb2em\u00bb header_2_font=\u00bbRoboto Condensed|700||on|||||\u00bb header_2_font_size=\u00bb40px\u00bb header_4_font=\u00bb||||||||\u00bb custom_margin=\u00bb||||false|false\u00bb custom_padding=\u00bb30px||0px||false|false\u00bb text_font_size_tablet=\u00bb15px\u00bb text_font_size_phone=\u00bb14px\u00bb text_font_size_last_edited=\u00bbon|phone\u00bb header_2_font_size_tablet=\u00bb50px\u00bb header_2_font_size_phone=\u00bb30px\u00bb header_2_font_size_last_edited=\u00bbon|phone\u00bb locked=\u00bboff\u00bb global_colors_info=\u00bb{}\u00bb]<\/p>\n<h2>SERVICIO <span style=\"color: #ff6000;\">EJECUTIVO<\/span><\/h2>\n<h4>Viaje c\u00f3modo y seguro<\/h4>\n<p>&nbsp;[\/et_pb_text][\/et_pb_column][\/et_pb_row][et_pb_row column_structure=\u00bb1_2,1_2&#8243; _builder_version=\u00bb4.18.0&#8243; locked=\u00bboff\u00bb global_colors_info=\u00bb{}\u00bb][et_pb_column type=\u00bb1_2&#8243; _builder_version=\u00bb4.18.0&#8243; custom_padding_tablet=\u00bb0px||||false|false\u00bb custom_padding_phone=\u00bb\u00bb custom_padding_last_edited=\u00bbon|tablet\u00bb global_colors_info=\u00bb{}\u00bb][et_pb_text _builder_version=\u00bb4.19.4&#8243; text_font=\u00bbPT Sans||||||||\u00bb text_line_height=\u00bb1.8em\u00bb header_font_size=\u00bb50px\u00bb header_line_height=\u00bb1.1em\u00bb header_font_size_tablet=\u00bb40px\u00bb header_font_size_phone=\u00bb30px\u00bb header_font_size_last_edited=\u00bbon|phone\u00bb locked=\u00bboff\u00bb global_colors_info=\u00bb{}\u00bb]<\/p>\n<p><span>Recorra nuestros destinos con la experiencia m\u00e1s confortable de viajar.<\/span><\/p>\n<p>[\/et_pb_text][\/et_pb_column][et_pb_column type=\u00bb1_2&#8243; _builder_version=\u00bb4.18.0&#8243; _module_preset=\u00bbdefault\u00bb global_colors_info=\u00bb{}\u00bb][et_pb_image src=\u00bbhttps:\/\/www.transportescita.com\/sitio\/wp-content\/uploads\/2022\/09\/pag-encomiendas.jpeg\u00bb title_text=\u00bbpag-encomiendas\u00bb _builder_version=\u00bb4.18.0&#8243; _module_preset=\u00bbdefault\u00bb global_colors_info=\u00bb{}\u00bb][\/et_pb_image][\/et_pb_column][\/et_pb_row][\/et_pb_section][et_pb_section fb_built=\u00bb1&#8243; admin_label=\u00bbHow it Works\u00bb _builder_version=\u00bb4.18.0&#8243; bottom_divider_style=\u00bbwave\u00bb bottom_divider_color=\u00bb#f0f0f0&#8243; bottom_divider_height=\u00bb14vw\u00bb global_colors_info=\u00bb{}\u00bb][\/et_pb_section][et_pb_section fb_built=\u00bb1&#8243; fullwidth=\u00bbon\u00bb _builder_version=\u00bb4.22.0&#8243; _module_preset=\u00bbdefault\u00bb hover_enabled=\u00bb0&#8243; global_colors_info=\u00bb{}\u00bb disabled_on=\u00bbon|on|on\u00bb disabled=\u00bbon\u00bb sticky_enabled=\u00bb0&#8243;][et_pb_fullwidth_slider _builder_version=\u00bb4.22.0&#8243; _module_preset=\u00bbdefault\u00bb background_image=\u00bbhttps:\/\/www.transportescita.com\/sitio\/wp-content\/uploads\/2022\/09\/slide2.jpeg\u00bb background_size=\u00bbcontain\u00bb global_colors_info=\u00bb{}\u00bb][et_pb_slide heading=\u00bbDescubre la forma m\u00e1s c\u00f3moda y segura de viajar\u00bb image=\u00bbhttps:\/\/www.transportescita.com\/sitio\/wp-content\/uploads\/2023\/08\/0-ee942eb8-ea73-43ec-bb0b-a96fcb3b0c68.png\u00bb use_bg_overlay=\u00bboff\u00bb use_text_overlay=\u00bboff\u00bb _builder_version=\u00bb4.22.0&#8243; _module_preset=\u00bbdefault\u00bb background_color=\u00bb#FFFFFF\u00bb background_enable_color=\u00bbon\u00bb global_colors_info=\u00bb{}\u00bb sticky_transition=\u00bbon\u00bb]<\/p>\n<p>Experimenta la forma m\u00e1s c\u00f3moda de viajar y explorar nuestros destinos. Disfruta de un viaje lleno de comodidad y seguridad con Cita Express Internacional.<\/p>\n<p>[\/et_pb_slide][et_pb_slide heading=\u00bbDescubre la forma m\u00e1s c\u00f3moda y segura de viajar\u00bb image=\u00bbhttps:\/\/www.transportescita.com\/sitio\/wp-content\/uploads\/2023\/08\/0-ee942eb8-ea73-43ec-bb0b-a96fcb3b0c68.png\u00bb use_bg_overlay=\u00bboff\u00bb use_text_overlay=\u00bboff\u00bb _builder_version=\u00bb4.22.0&#8243; _module_preset=\u00bbdefault\u00bb background_enable_color=\u00bboff\u00bb global_colors_info=\u00bb{}\u00bb sticky_transition=\u00bbon\u00bb]<\/p>\n<p>Experimenta la forma m\u00e1s c\u00f3moda de viajar y explorar nuestros destinos. Disfruta de un viaje lleno de comodidad y seguridad con Cita Express Internacional.<\/p>\n<p>[\/et_pb_slide][\/et_pb_fullwidth_slider][et_pb_fullwidth_image src=\u00bbhttps:\/\/www.transportescita.com\/sitio\/wp-content\/uploads\/2022\/09\/slide3.jpeg\u00bb alt=\u00bben Ambato, servicio de encomiendas a domicilio\u00bb title_text=\u00bbslide3&#8243; _builder_version=\u00bb4.22.0&#8243; _module_preset=\u00bbdefault\u00bb global_colors_info=\u00bb{}\u00bb][\/et_pb_fullwidth_image][\/et_pb_section]<\/p>\n","protected":false},"excerpt":{"rendered":"<p>SERVICIO EJECUTIVO Viaje c\u00f3modo y seguro &nbsp;Recorra nuestros destinos con la experiencia m\u00e1s confortable de viajar.Experimenta la forma m\u00e1s c\u00f3moda de viajar y explorar nuestros destinos. Disfruta de un viaje lleno de comodidad y seguridad con Cita Express Internacional.Experimenta la forma m\u00e1s c\u00f3moda de viajar y explorar nuestros destinos. Disfruta de un viaje lleno de [&hellip;]<\/p>\n","protected":false},"author":1,"featured_media":0,"parent":0,"menu_order":0,"comment_status":"closed","ping_status":"closed","template":"","meta":{"_et_pb_use_builder":"on","_et_pb_old_content":"","_et_gb_content_width":"","footnotes":""},"class_list":["post-253967","page","type-page","status-publish","hentry"],"_links":{"self":[{"href":"https:\/\/www.transportescita.com\/sitio\/wp-json\/wp\/v2\/pages\/253967","targetHints":{"allow":["GET"]}}],"collection":[{"href":"https:\/\/www.transportescita.com\/sitio\/wp-json\/wp\/v2\/pages"}],"about":[{"href":"https:\/\/www.transportescita.com\/sitio\/wp-json\/wp\/v2\/types\/page"}],"author":[{"embeddable":true,"href":"https:\/\/www.transportescita.com\/sitio\/wp-json\/wp\/v2\/users\/1"}],"replies":[{"embeddable":true,"href":"https:\/\/www.transportescita.com\/sitio\/wp-json\/wp\/v2\/comments?post=253967"}],"version-history":[{"count":9,"href":"https:\/\/www.transportescita.com\/sitio\/wp-json\/wp\/v2\/pages\/253967\/revisions"}],"predecessor-version":[{"id":254149,"href":"https:\/\/www.transportescita.com\/sitio\/wp-json\/wp\/v2\/pages\/253967\/revisions\/254149"}],"wp:attachment":[{"href":"https:\/\/www.transportescita.com\/sitio\/wp-json\/wp\/v2\/media?parent=253967"}],"curies":[{"name":"wp","href":"https:\/\/api.w.org\/{rel}","templated":true}]}}